{"id":130,"date":"2024-05-01T15:55:09","date_gmt":"2024-05-01T15:55:09","guid":{"rendered":"https:\/\/osnaplan.de\/?page_id=130"},"modified":"2024-07-04T16:16:40","modified_gmt":"2024-07-04T16:16:40","slug":"57-2-2","status":"publish","type":"page","link":"https:\/\/osnaplan.de\/?page_id=130","title":{"rendered":"Kartographie"},"content":{"rendered":"\t\t<div data-elementor-type=\"wp-post\" data-elementor-id=\"130\" class=\"elementor elementor-130\" data-elementor-post-type=\"page\">\n\t\t\t\t<div class=\"elementor-element elementor-element-0510d6b e-flex e-con-boxed e-con e-parent\" data-id=\"0510d6b\" data-element_type=\"container\" data-settings=\"{&quot;background_background&quot;:&quot;classic&quot;}\">\n\t\t\t\t\t<div class=\"e-con-inner\">\n\t\t\t\t<div class=\"elementor-element elementor-element-1ce4184 elementor-widget elementor-widget-heading\" data-id=\"1ce4184\" data-element_type=\"widget\" data-widget_type=\"heading.default\">\n\t\t\t\t<div class=\"elementor-widget-container\">\n\t\t\t<style>\/*! elementor - v3.21.0 - 30-04-2024 *\/\n.elementor-heading-title{padding:0;margin:0;line-height:1}.elementor-widget-heading .elementor-heading-title[class*=elementor-size-]>a{color:inherit;font-size:inherit;line-height:inherit}.elementor-widget-heading .elementor-heading-title.elementor-size-small{font-size:15px}.elementor-widget-heading .elementor-heading-title.elementor-size-medium{font-size:19px}.elementor-widget-heading .elementor-heading-title.elementor-size-large{font-size:29px}.elementor-widget-heading .elementor-heading-title.elementor-size-xl{font-size:39px}.elementor-widget-heading .elementor-heading-title.elementor-size-xxl{font-size:59px}<\/style><h1 class=\"elementor-heading-title elementor-size-default\">Kartographie<\/h1>\t\t<\/div>\n\t\t\t\t<\/div>\n\t\t\t\t\t<\/div>\n\t\t\t\t<\/div>\n\t\t<div class=\"elementor-element elementor-element-d3c5516 e-flex e-con-boxed e-con e-parent\" data-id=\"d3c5516\" data-element_type=\"container\" data-settings=\"{&quot;background_background&quot;:&quot;classic&quot;}\">\n\t\t\t\t\t<div class=\"e-con-inner\">\n\t\t<div class=\"elementor-element elementor-element-a1abea1 e-flex e-con-boxed e-con e-child\" data-id=\"a1abea1\" data-element_type=\"container\">\n\t\t\t\t\t<div class=\"e-con-inner\">\n\t\t\t\t<div class=\"elementor-element elementor-element-ae5589b elementor-widget elementor-widget-text-editor\" data-id=\"ae5589b\" data-element_type=\"widget\" data-widget_type=\"text-editor.default\">\n\t\t\t\t<div class=\"elementor-widget-container\">\n\t\t\t<style>\/*! elementor - v3.21.0 - 30-04-2024 *\/\n.elementor-widget-text-editor.elementor-drop-cap-view-stacked .elementor-drop-cap{background-color:#69727d;color:#fff}.elementor-widget-text-editor.elementor-drop-cap-view-framed .elementor-drop-cap{color:#69727d;border:3px solid;background-color:transparent}.elementor-widget-text-editor:not(.elementor-drop-cap-view-default) .elementor-drop-cap{margin-top:8px}.elementor-widget-text-editor:not(.elementor-drop-cap-view-default) .elementor-drop-cap-letter{width:1em;height:1em}.elementor-widget-text-editor .elementor-drop-cap{float:left;text-align:center;line-height:1;font-size:50px}.elementor-widget-text-editor .elementor-drop-cap-letter{display:inline-block}<\/style>\t\t\t\t<p class=\"has-text-align-center has-contrast-color has-text-color\">Kartographie in der Gesamtheit gesehen erfordert generell ein hohes Ma\u00df an Individualit\u00e4t sowie eine gro\u00dfes technisches Know-How.<br \/>Da in diesem Bereich die Anforderungen so unterschiedlich und ausgefallen sind wie auf kaum einem anderen Gebiet, ist es uns besonders wichtig, mit einem Kartographiehersteller zusammenzuarbeiten, welcher die Karten geographisch exakt in eigener Produktion in seinem Haus anfertigt, um auf diese Weise unseren Kunden ein Maximum an Flexibilit\u00e4t bieten und auf die speziellen \u00f6rtlichen Gegebenheiten und W\u00fcnsche unserer Kunden eingehen zu k\u00f6nnen. Verschiedene Einsatzgebiete f\u00fcr individuelle Kartographien sind z.B. unsere Minipl\u00e4ne oder Anfahrtskarten, die sowohl im Printbereich als auch online auf Ihrer Website eingesetzt werden k\u00f6nnen.<br \/>Mit der Ausf\u00fchrung eines Auftrages werden selbstverst\u00e4ndlich die kartographischen Nutzungsrechte der Karte f\u00fcr dieses Produkt vom Kunden miterworben.<\/p><p class=\"has-text-align-center has-contrast-color has-text-color\"><strong>Neben individuellen Projekten k\u00f6nnen Sie bei uns auch jederzeit gerne einen neutralen aktuellen Stadtplan der Stadt Osnabr\u00fcck bestellen.<\/strong><\/p>\t\t\t\t\t\t<\/div>\n\t\t\t\t<\/div>\n\t\t\t\t\t<\/div>\n\t\t\t\t<\/div>\n\t\t\t\t\t<\/div>\n\t\t\t\t<\/div>\n\t\t\t\t<\/div>\n\t\t","protected":false},"excerpt":{"rendered":"<p>Kartographie Kartographie in der Gesamtheit gesehen erfordert generell ein hohes Ma\u00df an Individualit\u00e4t sowie eine gro\u00dfes technisches Know-How.Da in diesem Bereich die Anforderungen so unterschiedlich und ausgefallen sind wie auf [&hellip;]<\/p>\n","protected":false},"author":1,"featured_media":0,"parent":0,"menu_order":0,"comment_status":"closed","ping_status":"closed","template":"","meta":{"footnotes":""},"_links":{"self":[{"href":"https:\/\/osnaplan.de\/index.php?rest_route=\/wp\/v2\/pages\/130"}],"collection":[{"href":"https:\/\/osnaplan.de\/index.php?rest_route=\/wp\/v2\/pages"}],"about":[{"href":"https:\/\/osnaplan.de\/index.php?rest_route=\/wp\/v2\/types\/page"}],"author":[{"embeddable":true,"href":"https:\/\/osnaplan.de\/index.php?rest_route=\/wp\/v2\/users\/1"}],"replies":[{"embeddable":true,"href":"https:\/\/osnaplan.de\/index.php?rest_route=%2Fwp%2Fv2%2Fcomments&post=130"}],"version-history":[{"count":38,"href":"https:\/\/osnaplan.de\/index.php?rest_route=\/wp\/v2\/pages\/130\/revisions"}],"predecessor-version":[{"id":2156,"href":"https:\/\/osnaplan.de\/index.php?rest_route=\/wp\/v2\/pages\/130\/revisions\/2156"}],"wp:attachment":[{"href":"https:\/\/osnaplan.de\/index.php?rest_route=%2Fwp%2Fv2%2Fmedia&parent=130"}],"curies":[{"name":"wp","href":"https:\/\/api.w.org\/{rel}","templated":true}]}}