{"id":1616,"date":"2024-06-15T10:09:13","date_gmt":"2024-06-15T10:09:13","guid":{"rendered":"https:\/\/osnaplan.de\/?page_id=1616"},"modified":"2024-06-15T10:40:43","modified_gmt":"2024-06-15T10:40:43","slug":"2001-2","status":"publish","type":"page","link":"https:\/\/osnaplan.de\/?page_id=1616","title":{"rendered":"2001"},"content":{"rendered":"\t\t<div data-elementor-type=\"wp-page\" data-elementor-id=\"1616\" class=\"elementor elementor-1616\" data-elementor-post-type=\"page\">\n\t\t\t\t<div class=\"elementor-element elementor-element-dda754e e-flex e-con-boxed e-con e-parent\" data-id=\"dda754e\" data-element_type=\"container\" data-settings=\"{&quot;background_background&quot;:&quot;classic&quot;}\">\n\t\t\t\t\t<div class=\"e-con-inner\">\n\t\t<div class=\"elementor-element elementor-element-e51dd6f e-con-full e-flex e-con e-child\" data-id=\"e51dd6f\" data-element_type=\"container\">\n\t\t\t\t<div class=\"elementor-element elementor-element-234e523 elementor-widget elementor-widget-text-editor\" data-id=\"234e523\" data-element_type=\"widget\" data-widget_type=\"text-editor.default\">\n\t\t\t\t<div class=\"elementor-widget-container\">\n\t\t\t<style>\/*! elementor - v3.21.0 - 30-04-2024 *\/\n.elementor-widget-text-editor.elementor-drop-cap-view-stacked .elementor-drop-cap{background-color:#69727d;color:#fff}.elementor-widget-text-editor.elementor-drop-cap-view-framed .elementor-drop-cap{color:#69727d;border:3px solid;background-color:transparent}.elementor-widget-text-editor:not(.elementor-drop-cap-view-default) .elementor-drop-cap{margin-top:8px}.elementor-widget-text-editor:not(.elementor-drop-cap-view-default) .elementor-drop-cap-letter{width:1em;height:1em}.elementor-widget-text-editor .elementor-drop-cap{float:left;text-align:center;line-height:1;font-size:50px}.elementor-widget-text-editor .elementor-drop-cap-letter{display:inline-block}<\/style>\t\t\t\t<h3 class=\"wp-block-heading has-text-align-center has-text-color\"><strong>Kulturhistorischer F\u00fchrer Osnabr\u00fccker Land 2001<\/strong><\/h3><p>Als unser neustes, aktuelles Werk aus dem Hause OsnaPlan freuen wir uns, Ihnen unsere neue Ausgabe der Reihe &#8222;Kulturhistorischer F\u00fchrer Osnabr\u00fcck&#8220; pr\u00e4sentieren zu k\u00f6nnen, welche im neuen Jahrtausend durch ihr modernes Design auf sich aufmerksam macht. Rechtzeitig zum Jahreswechsel 2001 erschienen, bieten wir Ihnen wie gewohnt eine Vielzahl interessanter Themenbereiche. Neben einem kleinen Einblick in die Geschichte der Stadt Osnabr\u00fcck und die Neugestaltung des Museum und Park Kalkriese, m\u00f6chten wir Sie herzlich einladen, die ausf\u00fchrlich beschriebenen kulturellen Ausstellungen und Veranstaltungen sowie die Stadtfeste zu besuchen. Der aktuelle Terminkalender 2001 wird erg\u00e4nzt durch eine detaillierte Vorstellung der Premierentermine der ersten Spielzeit der St\u00e4dtischen B\u00fchnen Osnabr\u00fcck. Eine \u00dcbersicht der Hotels in Osnabr\u00fcck und Umgebung rundet das Programm ab.<\/p><p>Neben dem Informationsteil beinhaltet unsere neue Ausgabe des Kulturhistorischen F\u00fchrers Osnabr\u00fcck selbstverst\u00e4ndlich auch wieder den begehrten, aktualisierten Stadtplan der Stadt Osnabr\u00fcck im \u00fcbersichtlichen Ma\u00dfstab 1:25.000 und dar\u00fcber hinaus einen gro\u00dfz\u00fcgigen Ausschnitt aus einer Deutschlandkarte.<\/p><p>Die Verbreitung erfolgt zum Gro\u00dfteil durch verschiedene Beh\u00f6rden in Stadt und Landkreis Osnabr\u00fcck sowie \u00fcber \u00f6rtliche Banken und verschiedene Fachgesch\u00e4fte der Region in kostenloser Einzelabgabe. Neben 10.000 Freiexemplaren werden dieses Jahr aufgrund der gro\u00dfen Nachfrage erstmalig 10.000 zus\u00e4tzliche Exemplare gegen eine geringe Schutzgeb\u00fchr von der Osnabr\u00fcck &#8211; Marketing und Tourismus GmbH in der Krahnstra\u00dfe 58 vertrieben. Die neu erreichte Auflagenh\u00f6he betr\u00e4gt somit \u00fcber 20.000 Exemplare!<\/p><p>Wir hoffen, mit der nun vorliegenden sechsten Ausgabe unseres Kulturhistorischen F\u00fchrers eine ebenso positive Resonanz zu erzielen, wie mit den vorherigen Auflagen und m\u00f6chten uns ganz speziell bei unseren Inserenten bedanken, welche die Herausgabe dieses Stadtf\u00fchrers erm\u00f6glicht haben!<\/p>\t\t\t\t\t\t<\/div>\n\t\t\t\t<\/div>\n\t\t\t\t<\/div>\n\t\t<div class=\"elementor-element elementor-element-e420484 e-con-full e-flex e-con e-child\" data-id=\"e420484\" data-element_type=\"container\">\n\t\t\t\t<div class=\"elementor-element elementor-element-ec5d6c5 elementor-widget elementor-widget-image\" data-id=\"ec5d6c5\" data-element_type=\"widget\" data-widget_type=\"image.default\">\n\t\t\t\t<div class=\"elementor-widget-container\">\n\t\t\t<style>\/*! elementor - v3.21.0 - 30-04-2024 *\/\n.elementor-widget-image{text-align:center}.elementor-widget-image a{display:inline-block}.elementor-widget-image a img[src$=\".svg\"]{width:48px}.elementor-widget-image img{vertical-align:middle;display:inline-block}<\/style>\t\t\t\t\t\t\t\t\t\t<img decoding=\"async\" src=\"https:\/\/osnaplan.de\/wp-content\/uploads\/2024\/05\/Cover_2001-1.png\" title=\"Cover_2001-1\" alt=\"Cover_2001-1\" loading=\"lazy\" \/>\t\t\t\t\t\t\t\t\t\t\t\t\t<\/div>\n\t\t\t\t<\/div>\n\t\t\t\t<\/div>\n\t\t\t\t\t<\/div>\n\t\t\t\t<\/div>\n\t\t\t\t<\/div>\n\t\t","protected":false},"excerpt":{"rendered":"<p>Kulturhistorischer F\u00fchrer Osnabr\u00fccker Land 2001 Als unser neustes, aktuelles Werk aus dem Hause OsnaPlan freuen wir uns, Ihnen unsere neue Ausgabe der Reihe &#8222;Kulturhistorischer F\u00fchrer Osnabr\u00fcck&#8220; pr\u00e4sentieren zu k\u00f6nnen, welche [&hellip;]<\/p>\n","protected":false},"author":1,"featured_media":0,"parent":0,"menu_order":0,"comment_status":"closed","ping_status":"closed","template":"","meta":{"footnotes":""},"_links":{"self":[{"href":"https:\/\/osnaplan.de\/index.php?rest_route=\/wp\/v2\/pages\/1616"}],"collection":[{"href":"https:\/\/osnaplan.de\/index.php?rest_route=\/wp\/v2\/pages"}],"about":[{"href":"https:\/\/osnaplan.de\/index.php?rest_route=\/wp\/v2\/types\/page"}],"author":[{"embeddable":true,"href":"https:\/\/osnaplan.de\/index.php?rest_route=\/wp\/v2\/users\/1"}],"replies":[{"embeddable":true,"href":"https:\/\/osnaplan.de\/index.php?rest_route=%2Fwp%2Fv2%2Fcomments&post=1616"}],"version-history":[{"count":10,"href":"https:\/\/osnaplan.de\/index.php?rest_route=\/wp\/v2\/pages\/1616\/revisions"}],"predecessor-version":[{"id":1692,"href":"https:\/\/osnaplan.de\/index.php?rest_route=\/wp\/v2\/pages\/1616\/revisions\/1692"}],"wp:attachment":[{"href":"https:\/\/osnaplan.de\/index.php?rest_route=%2Fwp%2Fv2%2Fmedia&parent=1616"}],"curies":[{"name":"wp","href":"https:\/\/api.w.org\/{rel}","templated":true}]}}