{"id":1655,"date":"2024-06-15T10:22:07","date_gmt":"2024-06-15T10:22:07","guid":{"rendered":"https:\/\/osnaplan.de\/?page_id=1655"},"modified":"2024-06-15T10:23:31","modified_gmt":"2024-06-15T10:23:31","slug":"2008-3","status":"publish","type":"page","link":"https:\/\/osnaplan.de\/?page_id=1655","title":{"rendered":"2008"},"content":{"rendered":"\t\t<div data-elementor-type=\"wp-page\" data-elementor-id=\"1655\" class=\"elementor elementor-1655\" data-elementor-post-type=\"page\">\n\t\t\t\t<div class=\"elementor-element elementor-element-4f4f670 e-flex e-con-boxed e-con e-parent\" data-id=\"4f4f670\" data-element_type=\"container\" data-settings=\"{&quot;background_background&quot;:&quot;classic&quot;}\">\n\t\t\t\t\t<div class=\"e-con-inner\">\n\t\t<div class=\"elementor-element elementor-element-083dc86 e-con-full e-flex e-con e-child\" data-id=\"083dc86\" data-element_type=\"container\">\n\t\t\t\t<div class=\"elementor-element elementor-element-ca2d1d1 elementor-widget elementor-widget-text-editor\" data-id=\"ca2d1d1\" data-element_type=\"widget\" data-widget_type=\"text-editor.default\">\n\t\t\t\t<div class=\"elementor-widget-container\">\n\t\t\t<style>\/*! elementor - v3.21.0 - 30-04-2024 *\/\n.elementor-widget-text-editor.elementor-drop-cap-view-stacked .elementor-drop-cap{background-color:#69727d;color:#fff}.elementor-widget-text-editor.elementor-drop-cap-view-framed .elementor-drop-cap{color:#69727d;border:3px solid;background-color:transparent}.elementor-widget-text-editor:not(.elementor-drop-cap-view-default) .elementor-drop-cap{margin-top:8px}.elementor-widget-text-editor:not(.elementor-drop-cap-view-default) .elementor-drop-cap-letter{width:1em;height:1em}.elementor-widget-text-editor .elementor-drop-cap{float:left;text-align:center;line-height:1;font-size:50px}.elementor-widget-text-editor .elementor-drop-cap-letter{display:inline-block}<\/style>\t\t\t\t<h3 class=\"wp-block-heading has-text-align-center has-text-color\"><strong>Kulturhistorischer F\u00fchrer Osnabr\u00fccker Land 2008<\/strong><\/h3><p>Man glaubt es kaum, aber schon wieder ist ein Jahr vergangen und 2007 neigt sich dem Ende entgegen. P\u00fcnktlich zum Jahreswechsel ist sie wieder druckfrisch kostenlos erh\u00e4ltlich, die neueste Ausgabe aus dem Hause OsnaPlan aus der Reihe &#8222;Kulturhistorischer F\u00fchrer Stadt und Landkreis Osnabr\u00fcck&#8220;, welche mittlerweile in der dreizehnten Auflage erschienen ist. Die positive Resonanz auf die Erweiterungen unseres Projektes in den letzten Jahren haben uns veranlasst, auch in diesem Jahr 2008 wieder eine Erg\u00e4nzung der Terminvielfalt vorzunehmen. Erg\u00e4nzend zu den altbekannten Informationen und Terminen finden Sie daher ab sofort auch eine kleine aber feine Terminauswahl der Osnabr\u00fccker B\u00e4der in unserer aktuellen Ausgabe. Wir hoffen, dass Ihnen auch diese neuen Termininformationen im laufenden Jahr n\u00fctzlich sein werden.<\/p><p>Den Schwerpunkt unserer neuen Ausgabe bilden diesmal gleich zwei gro\u00dfe Sonderteile. Zum einen steht im Jahr 2008 der 97. Deutsche Katholikentag im Vordergrund, welcher im Mai 2008 in Osnabr\u00fcck stattfindet. Zum anderen gibt es viel Neues \u00fcber den Osnabr\u00fccker Dom zu berichten. Hier wurde eine Umgestaltung bzw. Erweiterung in vier Bauabschnitten durchgef\u00fchrt. Alle wichtigen Informationen und Termine zu diesen beiden Ereignissen werden ausf\u00fchrlich in unserer neuen Ausgabe beschrieben.<\/p><p>Dar\u00fcber hinaus finden Sie aber nat\u00fcrlich auch wieder hilfreiche Informationen zu allen kulturellen Ausstellungen und Veranstaltungen in Stadt und Landkreis Osnabr\u00fcck, wie z.B. Theaterprogrammen, Kunstausstellungen, den Veranstaltungskalender der Stadt sowie eine \u00dcbersicht der bekanntesten Stadt- und Gemeindefeste im Landkreis Osnabr\u00fcck. Wir m\u00f6chten Sie herzlich einladen, an den vielf\u00e4ltigen kulturellen Ausstellungen und Veranstaltungen sowie den Stadt- und Gemeindefesten teilzunehmen und w\u00fcnschen Ihnen dabei schon jetzt viel Spa\u00df!<\/p><p>Erg\u00e4nzend zu dem Informationsteil beinhaltet unser Kulturhistorischer F\u00fchrer selbstverst\u00e4ndlich auch wieder den begehrten, aktualisierten Stadtplan der Stadt Osnabr\u00fcck im \u00fcbersichtlichen Ma\u00dfstab 1 : 25.000 und dar\u00fcber hinaus eine gro\u00dfz\u00fcgige \u00dcbersichtskarte vom Osnabr\u00fccker Land zum langfristigen Nutzen.<\/p><p>Die Verbreitung erfolgt zum Gro\u00dfteil durch verschiedene Beh\u00f6rden in Stadt und Landkreis Osnabr\u00fcck sowie \u00fcber die \u00f6rtlichen Sparkassen in kostenloser Einzelabgabe. Neben 10.000 Freiexemplaren werden ca. 5.000 weitere Exemplare \u00fcber den Handel vertrieben.<\/p><p>Wir hoffen, unseren Lesern mit den umfangreichen Informationen und Gesch\u00e4ftsempfehlungen in der nun vorliegenden dreizehnten Ausgabe unseres Kulturhistorischen F\u00fchrers hilfreich zu sein und freuen uns \u00fcber eine ebenso positive Resonanz, wie wir sie bisher mit allen vorherigen Auflagen erzielen konnten.<\/p><p>Unser ganz spezieller Dank gilt unseren Inserenten, welche die Herausgabe dieses Stadtf\u00fchrers erm\u00f6glicht haben!<\/p>\t\t\t\t\t\t<\/div>\n\t\t\t\t<\/div>\n\t\t\t\t<\/div>\n\t\t<div class=\"elementor-element elementor-element-1312dba e-con-full e-flex e-con e-child\" data-id=\"1312dba\" data-element_type=\"container\">\n\t\t\t\t<div class=\"elementor-element elementor-element-1574479 elementor-widget elementor-widget-image\" data-id=\"1574479\" data-element_type=\"widget\" data-widget_type=\"image.default\">\n\t\t\t\t<div class=\"elementor-widget-container\">\n\t\t\t<style>\/*! elementor - v3.21.0 - 30-04-2024 *\/\n.elementor-widget-image{text-align:center}.elementor-widget-image a{display:inline-block}.elementor-widget-image a img[src$=\".svg\"]{width:48px}.elementor-widget-image img{vertical-align:middle;display:inline-block}<\/style>\t\t\t\t\t\t\t\t\t\t<img decoding=\"async\" src=\"https:\/\/osnaplan.de\/wp-content\/uploads\/2024\/05\/Cover_2008-1.png\" title=\"Cover_2008-1\" alt=\"Cover_2008-1\" loading=\"lazy\" \/>\t\t\t\t\t\t\t\t\t\t\t\t\t<\/div>\n\t\t\t\t<\/div>\n\t\t\t\t<\/div>\n\t\t\t\t\t<\/div>\n\t\t\t\t<\/div>\n\t\t\t\t<\/div>\n\t\t","protected":false},"excerpt":{"rendered":"<p>Kulturhistorischer F\u00fchrer Osnabr\u00fccker Land 2008 Man glaubt es kaum, aber schon wieder ist ein Jahr vergangen und 2007 neigt sich dem Ende entgegen. P\u00fcnktlich zum Jahreswechsel ist sie wieder druckfrisch [&hellip;]<\/p>\n","protected":false},"author":1,"featured_media":0,"parent":0,"menu_order":0,"comment_status":"closed","ping_status":"closed","template":"","meta":{"footnotes":""},"_links":{"self":[{"href":"https:\/\/osnaplan.de\/index.php?rest_route=\/wp\/v2\/pages\/1655"}],"collection":[{"href":"https:\/\/osnaplan.de\/index.php?rest_route=\/wp\/v2\/pages"}],"about":[{"href":"https:\/\/osnaplan.de\/index.php?rest_route=\/wp\/v2\/types\/page"}],"author":[{"embeddable":true,"href":"https:\/\/osnaplan.de\/index.php?rest_route=\/wp\/v2\/users\/1"}],"replies":[{"embeddable":true,"href":"https:\/\/osnaplan.de\/index.php?rest_route=%2Fwp%2Fv2%2Fcomments&post=1655"}],"version-history":[{"count":4,"href":"https:\/\/osnaplan.de\/index.php?rest_route=\/wp\/v2\/pages\/1655\/revisions"}],"predecessor-version":[{"id":1659,"href":"https:\/\/osnaplan.de\/index.php?rest_route=\/wp\/v2\/pages\/1655\/revisions\/1659"}],"wp:attachment":[{"href":"https:\/\/osnaplan.de\/index.php?rest_route=%2Fwp%2Fv2%2Fmedia&parent=1655"}],"curies":[{"name":"wp","href":"https:\/\/api.w.org\/{rel}","templated":true}]}}

<div data-elementor-type="wp-page" data-elementor-id="1655" class="elementor elementor-1655" data-elementor-post-type="page">
				<div class="elementor-element elementor-element-4f4f670 e-flex e-con-boxed e-con e-parent" data-id="4f4f670" data-element_type="container" data-settings="{&quot;background_background&quot;:&quot;classic&quot;}">
					<div class="e-con-inner">
		<div class="elementor-element elementor-element-083dc86 e-con-full e-flex e-con e-child" data-id="083dc86" data-element_type="container">
				<div class="elementor-element elementor-element-ca2d1d1 elementor-widget elementor-widget-text-editor" data-id="ca2d1d1" data-element_type="widget" data-widget_type="text-editor.default">
				<div class="elementor-widget-container">
			<style>/*! elementor - v3.21.0 - 30-04-2024 */
.elementor-widget-text-editor.elementor-drop-cap-view-stacked .elementor-drop-cap{background-color:#69727d;color:#fff}.elementor-widget-text-editor.elementor-drop-cap-view-framed .elementor-drop-cap{color:#69727d;border:3px solid;background-color:transparent}.elementor-widget-text-editor:not(.elementor-drop-cap-view-default) .elementor-drop-cap{margin-top:8px}.elementor-widget-text-editor:not(.elementor-drop-cap-view-default) .elementor-drop-cap-letter{width:1em;height:1em}.elementor-widget-text-editor .elementor-drop-cap{float:left;text-align:center;line-height:1;font-size:50px}.elementor-widget-text-editor .elementor-drop-cap-letter{display:inline-block}</style>				<h3 class="wp-block-heading has-text-align-center has-text-color"><strong>Kulturhistorischer Führer Osnabrücker Land 2008</strong></h3><p>Man glaubt es kaum, aber schon wieder ist ein Jahr vergangen und 2007 neigt sich dem Ende entgegen. Pünktlich zum Jahreswechsel ist sie wieder druckfrisch kostenlos erhältlich, die neueste Ausgabe aus dem Hause OsnaPlan aus der Reihe &#8222;Kulturhistorischer Führer Stadt und Landkreis Osnabrück&#8220;, welche mittlerweile in der dreizehnten Auflage erschienen ist. Die positive Resonanz auf die Erweiterungen unseres Projektes in den letzten Jahren haben uns veranlasst, auch in diesem Jahr 2008 wieder eine Ergänzung der Terminvielfalt vorzunehmen. Ergänzend zu den altbekannten Informationen und Terminen finden Sie daher ab sofort auch eine kleine aber feine Terminauswahl der Osnabrücker Bäder in unserer aktuellen Ausgabe. Wir hoffen, dass Ihnen auch diese neuen Termininformationen im laufenden Jahr nützlich sein werden.</p><p>Den Schwerpunkt unserer neuen Ausgabe bilden diesmal gleich zwei große Sonderteile. Zum einen steht im Jahr 2008 der 97. Deutsche Katholikentag im Vordergrund, welcher im Mai 2008 in Osnabrück stattfindet. Zum anderen gibt es viel Neues über den Osnabrücker Dom zu berichten. Hier wurde eine Umgestaltung bzw. Erweiterung in vier Bauabschnitten durchgeführt. Alle wichtigen Informationen und Termine zu diesen beiden Ereignissen werden ausführlich in unserer neuen Ausgabe beschrieben.</p><p>Darüber hinaus finden Sie aber natürlich auch wieder hilfreiche Informationen zu allen kulturellen Ausstellungen und Veranstaltungen in Stadt und Landkreis Osnabrück, wie z.B. Theaterprogrammen, Kunstausstellungen, den Veranstaltungskalender der Stadt sowie eine Übersicht der bekanntesten Stadt- und Gemeindefeste im Landkreis Osnabrück. Wir möchten Sie herzlich einladen, an den vielfältigen kulturellen Ausstellungen und Veranstaltungen sowie den Stadt- und Gemeindefesten teilzunehmen und wünschen Ihnen dabei schon jetzt viel Spaß!</p><p>Ergänzend zu dem Informationsteil beinhaltet unser Kulturhistorischer Führer selbstverständlich auch wieder den begehrten, aktualisierten Stadtplan der Stadt Osnabrück im übersichtlichen Maßstab 1 : 25.000 und darüber hinaus eine großzügige Übersichtskarte vom Osnabrücker Land zum langfristigen Nutzen.</p><p>Die Verbreitung erfolgt zum Großteil durch verschiedene Behörden in Stadt und Landkreis Osnabrück sowie über die örtlichen Sparkassen in kostenloser Einzelabgabe. Neben 10.000 Freiexemplaren werden ca. 5.000 weitere Exemplare über den Handel vertrieben.</p><p>Wir hoffen, unseren Lesern mit den umfangreichen Informationen und Geschäftsempfehlungen in der nun vorliegenden dreizehnten Ausgabe unseres Kulturhistorischen Führers hilfreich zu sein und freuen uns über eine ebenso positive Resonanz, wie wir sie bisher mit allen vorherigen Auflagen erzielen konnten.</p><p>Unser ganz spezieller Dank gilt unseren Inserenten, welche die Herausgabe dieses Stadtführers ermöglicht haben!</p>						</div>
				</div>
				</div>
		<div class="elementor-element elementor-element-1312dba e-con-full e-flex e-con e-child" data-id="1312dba" data-element_type="container">
				<div class="elementor-element elementor-element-1574479 elementor-widget elementor-widget-image" data-id="1574479" data-element_type="widget" data-widget_type="image.default">
				<div class="elementor-widget-container">
			<style>/*! elementor - v3.21.0 - 30-04-2024 */
.elementor-widget-image{text-align:center}.elementor-widget-image a{display:inline-block}.elementor-widget-image a img[src$=".svg"]{width:48px}.elementor-widget-image img{vertical-align:middle;display:inline-block}</style>										<img decoding="async" src="https://osnaplan.de/wp-content/uploads/2024/05/Cover_2008-1.png" title="Cover_2008-1" alt="Cover_2008-1" loading="lazy" />													</div>
				</div>
				</div>
					</div>
				</div>
				</div>

<p>Kulturhistorischer Führer Osnabrücker Land 2008 Man glaubt es kaum, aber schon wieder ist ein Jahr vergangen und 2007 neigt sich dem Ende entgegen. Pünktlich zum Jahreswechsel ist sie wieder druckfrisch [&hellip;]</p>
