{"id":1796,"date":"2024-06-15T15:43:35","date_gmt":"2024-06-15T15:43:35","guid":{"rendered":"https:\/\/osnaplan.de\/?page_id=1796"},"modified":"2024-07-09T11:26:35","modified_gmt":"2024-07-09T11:26:35","slug":"home-office-3-0-earn-money-online-your-path-to-more-freedom-and-financial-independence-chatgpt-bonus-included-earn-money-online-from-home-easier-than-ever-before-english-english-edition","status":"publish","type":"page","link":"https:\/\/osnaplan.de\/?page_id=1796","title":{"rendered":"Home-Office 3.0 &#8211; Earn money online &#8211; Your path to more freedom and financial independence: ChatGPT bonus included &#8211; Earn money online from home &#8211; easier than ever before! &#8211; English (English Edition)"},"content":{"rendered":"\t\t<div data-elementor-type=\"wp-page\" data-elementor-id=\"1796\" class=\"elementor elementor-1796\" data-elementor-post-type=\"page\">\n\t\t\t\t<div class=\"elementor-element elementor-element-83e8d52 e-con-full e-flex e-con e-parent\" data-id=\"83e8d52\" data-element_type=\"container\" data-settings=\"{&quot;background_background&quot;:&quot;gradient&quot;}\">\n\t\t\t\t<div class=\"elementor-element elementor-element-869163c elementor-widget elementor-widget-image\" data-id=\"869163c\" data-element_type=\"widget\" data-widget_type=\"image.default\">\n\t\t\t\t<div class=\"elementor-widget-container\">\n\t\t\t<style>\/*! elementor - v3.21.0 - 30-04-2024 *\/\n.elementor-widget-image{text-align:center}.elementor-widget-image a{display:inline-block}.elementor-widget-image a img[src$=\".svg\"]{width:48px}.elementor-widget-image img{vertical-align:middle;display:inline-block}<\/style>\t\t\t\t\t\t\t\t\t\t<img fetchpriority=\"high\" decoding=\"async\" width=\"651\" height=\"1024\" src=\"https:\/\/osnaplan.de\/wp-content\/uploads\/2024\/05\/Screenshot_132-651x1024.png\" class=\"attachment-large size-large wp-image-258\" alt=\"\" srcset=\"https:\/\/osnaplan.de\/wp-content\/uploads\/2024\/05\/Screenshot_132-651x1024.png 651w, https:\/\/osnaplan.de\/wp-content\/uploads\/2024\/05\/Screenshot_132-191x300.png 191w, https:\/\/osnaplan.de\/wp-content\/uploads\/2024\/05\/Screenshot_132.png 652w\" sizes=\"(max-width: 651px) 100vw, 651px\" \/>\t\t\t\t\t\t\t\t\t\t\t\t\t<\/div>\n\t\t\t\t<\/div>\n\t\t<div class=\"elementor-element elementor-element-e0115fc e-con-full e-flex e-con e-child\" data-id=\"e0115fc\" data-element_type=\"container\">\n\t\t\t\t<div class=\"elementor-element elementor-element-caf2a15 elementor-widget elementor-widget-heading\" data-id=\"caf2a15\" data-element_type=\"widget\" data-widget_type=\"heading.default\">\n\t\t\t\t<div class=\"elementor-widget-container\">\n\t\t\t<style>\/*! elementor - v3.21.0 - 30-04-2024 *\/\n.elementor-heading-title{padding:0;margin:0;line-height:1}.elementor-widget-heading .elementor-heading-title[class*=elementor-size-]>a{color:inherit;font-size:inherit;line-height:inherit}.elementor-widget-heading .elementor-heading-title.elementor-size-small{font-size:15px}.elementor-widget-heading .elementor-heading-title.elementor-size-medium{font-size:19px}.elementor-widget-heading .elementor-heading-title.elementor-size-large{font-size:29px}.elementor-widget-heading .elementor-heading-title.elementor-size-xl{font-size:39px}.elementor-widget-heading .elementor-heading-title.elementor-size-xxl{font-size:59px}<\/style><p class=\"elementor-heading-title elementor-size-default\">Mike Prepper<\/p>\t\t<\/div>\n\t\t\t\t<\/div>\n\t\t\t\t<div class=\"elementor-element elementor-element-34980e3 elementor-widget elementor-widget-heading\" data-id=\"34980e3\" data-element_type=\"widget\" data-widget_type=\"heading.default\">\n\t\t\t\t<div class=\"elementor-widget-container\">\n\t\t\t<h2 class=\"elementor-heading-title elementor-size-default\">Home-Office 3.0 - Earn money online <br>Your path to more freedom and financial independence<\/h2>\t\t<\/div>\n\t\t\t\t<\/div>\n\t\t\t\t<div class=\"elementor-element elementor-element-5ed24d4 elementor-widget__width-initial elementor-widget elementor-widget-toggle\" data-id=\"5ed24d4\" data-element_type=\"widget\" data-widget_type=\"toggle.default\">\n\t\t\t\t<div class=\"elementor-widget-container\">\n\t\t\t<style>\/*! elementor - v3.21.0 - 30-04-2024 *\/\n.elementor-toggle{text-align:start}.elementor-toggle .elementor-tab-title{font-weight:700;line-height:1;margin:0;padding:15px;border-bottom:1px solid #d5d8dc;cursor:pointer;outline:none}.elementor-toggle .elementor-tab-title .elementor-toggle-icon{display:inline-block;width:1em}.elementor-toggle .elementor-tab-title .elementor-toggle-icon svg{margin-inline-start:-5px;width:1em;height:1em}.elementor-toggle .elementor-tab-title .elementor-toggle-icon.elementor-toggle-icon-right{float:right;text-align:right}.elementor-toggle .elementor-tab-title .elementor-toggle-icon.elementor-toggle-icon-left{float:left;text-align:left}.elementor-toggle .elementor-tab-title .elementor-toggle-icon .elementor-toggle-icon-closed{display:block}.elementor-toggle .elementor-tab-title .elementor-toggle-icon .elementor-toggle-icon-opened{display:none}.elementor-toggle .elementor-tab-title.elementor-active{border-bottom:none}.elementor-toggle .elementor-tab-title.elementor-active .elementor-toggle-icon-closed{display:none}.elementor-toggle .elementor-tab-title.elementor-active .elementor-toggle-icon-opened{display:block}.elementor-toggle .elementor-tab-content{padding:15px;border-bottom:1px solid #d5d8dc;display:none}@media (max-width:767px){.elementor-toggle .elementor-tab-title{padding:12px}.elementor-toggle .elementor-tab-content{padding:12px 10px}}.e-con-inner>.elementor-widget-toggle,.e-con>.elementor-widget-toggle{width:var(--container-widget-width);--flex-grow:var(--container-widget-flex-grow)}<\/style>\t\t<div class=\"elementor-toggle\">\n\t\t\t\t\t\t\t<div class=\"elementor-toggle-item\">\n\t\t\t\t\t<h5 id=\"elementor-tab-title-9941\" class=\"elementor-tab-title\" data-tab=\"1\" role=\"button\" aria-controls=\"elementor-tab-content-9941\" aria-expanded=\"false\">\n\t\t\t\t\t\t\t\t\t\t\t\t<a class=\"elementor-toggle-title\" tabindex=\"0\">Kurzbeschreibung des Buches<\/a>\n\t\t\t\t\t<\/h5>\n\n\t\t\t\t\t<div id=\"elementor-tab-content-9941\" class=\"elementor-tab-content elementor-clearfix\" data-tab=\"1\" role=\"region\" aria-labelledby=\"elementor-tab-title-9941\"><p><span class=\"a-text-bold\">Your successful home office business &#8211; How to get started!<\/span><\/p><p>From flexibility to independence, working from home offers many benefits. But how do you get started and how do you make sure that you stay productive and successful? In this comprehensive guide, you&#8217;ll find everything you need to know to work from home successfully. From the best work-from-home jobs to practical tips on how to stay organized and productive. Complementing each of the featured opportunities, you&#8217;ll find numerous web links to the best platforms and resources to help you get started and succeed quickly and easily.<\/p><p>The red-hot language revolution ChatGPT, an artificially intelligent chatbot, gets a full bonus chapter. How does ChatGPT work and how can you benefit from it?<\/p><p><span class=\"a-text-bold\"><u>The result:<\/u><\/span><span class=\"a-text-bold\"><br \/>Earning money online from home has never been easier!<\/span><\/p><p>Whether you&#8217;re looking to earn extra money on the side, or maybe you&#8217;re finally ready to be your own boss, if you&#8217;re ready to take the leap into the world of running your own home office business, this is the perfect guide to get you on the right track to sustainable success.<\/p><p><span class=\"a-text-bold\">\u2713 20 job ideas for successful home work<\/span><\/p><p><span class=\"a-text-bold\">\u2713 Everything you need for an easy start into your business<\/span><\/p><p><span class=\"a-text-bold\">\u2713 Many practical tips for good organization and effective productivity<\/span><\/p><p><span class=\"a-text-bold\">\u2713 Extensive collection of interesting web links to the best platforms and resources<\/span><\/p><p><span class=\"a-text-bold\">\u2713 Includes personal checklists for your individual use in the printed book editions<\/span><\/p><p><span class=\"a-text-bold\">\u2713 Incl. bonus chapter ChatGPT &#8211; Earn money online from home &#8211; easier than ever!<\/span><\/p><p><span class=\"a-text-bold\">\u2713 Be one of the first to benefit from the groundbreaking invention of artificial intelligence now<\/span><\/p><p><span class=\"a-text-bold\">Launch your own home office business today with the help of this guide and begin your own personal path to more freedom, financial independence and achieve a long-term profitable, secure income!!<\/span><\/p><\/div>\n\t\t\t\t<\/div>\n\t\t\t\t\t\t\t<div class=\"elementor-toggle-item\">\n\t\t\t\t\t<h5 id=\"elementor-tab-title-9942\" class=\"elementor-tab-title\" data-tab=\"2\" role=\"button\" aria-controls=\"elementor-tab-content-9942\" aria-expanded=\"false\">\n\t\t\t\t\t\t\t\t\t\t\t\t<a class=\"elementor-toggle-title\" tabindex=\"0\">Autorenbiografie<\/a>\n\t\t\t\t\t<\/h5>\n\n\t\t\t\t\t<div id=\"elementor-tab-content-9942\" class=\"elementor-tab-content elementor-clearfix\" data-tab=\"2\" role=\"region\" aria-labelledby=\"elementor-tab-title-9942\"><p>Mike Prepper arbeitete viele Jahre als Verlagsleiter in einem kleinen Verlag, wo er schon fr\u00fch seine Leidenschaft f\u00fcr das Schreiben entdeckte und sammelte so schlie\u00dflich seine ersten Erfahrungen als Autor. Die Intention seiner Werke begr\u00fcndet darin, anderen Menschen Ideen, Hilfe und L\u00f6sungen im Alltag an die Hand zu geben, welche er auf eine zug\u00e4ngliche, f\u00fcr jeden leicht verst\u00e4ndliche Art und Weise, den Lesern vermittelt.<\/p><p>Mit seinem Ratgeber \u201eHome-Office 3.0 \u2013 Online Geld verdienen\u201c zeigt Mike Prepper sein Talent f\u00fcr eine klare und pr\u00e4zise Schreibweise. Seine Leidenschaft anderen zu helfen macht diesen Ratgeber zu einem unverzichtbaren Leitfaden f\u00fcr alle, die bereit sind beruflich neue Wege zu gehen.<\/p><p>Auch sein neues Buch &#8222;Gesetz der Anziehung&#8220;, ist eine inspirierende Begleiterin, die in Form eines anwenderfreundlichen Tagebuchs den NutzerInnen erm\u00f6glicht, ihre tiefsten W\u00fcnsche auf einzigartige Weise zu manifestieren. Dieses Tagebuch er\u00f6ffnet jedem Menschen die M\u00f6glichkeit, auf spielerische und leicht verst\u00e4ndliche Weise das Gesetz der Anziehung in ihren Alltag zu integrieren und eine kraftvolle Ver\u00e4nderung herbeizuf\u00fchren.<\/p><\/div>\n\t\t\t\t<\/div>\n\t\t\t\t\t\t\t<div class=\"elementor-toggle-item\">\n\t\t\t\t\t<h5 id=\"elementor-tab-title-9943\" class=\"elementor-tab-title\" data-tab=\"3\" role=\"button\" aria-controls=\"elementor-tab-content-9943\" aria-expanded=\"false\">\n\t\t\t\t\t\t\t\t\t\t\t\t<a class=\"elementor-toggle-title\" tabindex=\"0\">Leseprobe<\/a>\n\t\t\t\t\t<\/h5>\n\n\t\t\t\t\t<div id=\"elementor-tab-content-9943\" class=\"elementor-tab-content elementor-clearfix\" data-tab=\"3\" role=\"region\" aria-labelledby=\"elementor-tab-title-9943\"><p><a href=\"https:\/\/www.amazon.de\/Home-Office-3-0-financial-independence-included-ebook\/dp\/B0C5VZQVJD\/?_encoding=UTF8&amp;pd_rd_w=spdNN&amp;content-id=amzn1.sym.e8b3c957-d6ff-42b1-a1ab-eb46dc87ff65&amp;pf_rd_p=e8b3c957-d6ff-42b1-a1ab-eb46dc87ff65&amp;pf_rd_r=259-6032065-5157366&amp;pd_rd_wg=1byUA&amp;pd_rd_r=47fa7a77-6c2f-4b19-8674-9fc233ac4d52&amp;ref_=aufs_ap_sc_dsk\" target=\"_blank\" rel=\"noopener\">Hier anschauen<\/a><\/p><\/div>\n\t\t\t\t<\/div>\n\t\t\t\t\t\t\t\t<\/div>\n\t\t\t\t<\/div>\n\t\t\t\t<\/div>\n\t\t\t\t<div class=\"elementor-element elementor-element-00a294d elementor-align-center elementor-widget elementor-widget-button\" data-id=\"00a294d\" data-element_type=\"widget\" data-widget_type=\"button.default\">\n\t\t\t\t<div class=\"elementor-widget-container\">\n\t\t\t\t\t<div class=\"elementor-button-wrapper\">\n\t\t\t<a class=\"elementor-button elementor-button-link elementor-size-lg elementor-animation-grow\" href=\"https:\/\/www.amazon.de\/Home-Office-3-0-financial-independence-included-ebook\/dp\/B0C5VZQVJD\/?_encoding=UTF8&#038;pd_rd_w=spdNN&#038;content-id=amzn1.sym.e8b3c957-d6ff-42b1-a1ab-eb46dc87ff65&#038;pf_rd_p=e8b3c957-d6ff-42b1-a1ab-eb46dc87ff65&#038;pf_rd_r=259-6032065-5157366&#038;pd_rd_wg=1byUA&#038;pd_rd_r=47fa7a77-6c2f-4b19-8674-9fc233ac4d52&#038;ref_=aufs_ap_sc_dsk\" target=\"_blank\">\n\t\t\t\t\t\t<span class=\"elementor-button-content-wrapper\">\n\t\t\t\t\t\t\t\t\t<span class=\"elementor-button-text\">Kaufen<\/span>\n\t\t\t\t\t<\/span>\n\t\t\t\t\t<\/a>\n\t\t<\/div>\n\t\t\t\t<\/div>\n\t\t\t\t<\/div>\n\t\t\t\t<\/div>\n\t\t\t\t<\/div>\n\t\t\t\t<\/div>\n\t\t","protected":false},"excerpt":{"rendered":"<p>Mike Prepper Home-Office 3.0 &#8211; Earn money online Your path to more freedom and financial independence Kurzbeschreibung des Buches Your successful home office business &#8211; How to get started! From [&hellip;]<\/p>\n","protected":false},"author":1,"featured_media":0,"parent":0,"menu_order":0,"comment_status":"closed","ping_status":"closed","template":"","meta":{"footnotes":""},"_links":{"self":[{"href":"https:\/\/osnaplan.de\/index.php?rest_route=\/wp\/v2\/pages\/1796"}],"collection":[{"href":"https:\/\/osnaplan.de\/index.php?rest_route=\/wp\/v2\/pages"}],"about":[{"href":"https:\/\/osnaplan.de\/index.php?rest_route=\/wp\/v2\/types\/page"}],"author":[{"embeddable":true,"href":"https:\/\/osnaplan.de\/index.php?rest_route=\/wp\/v2\/users\/1"}],"replies":[{"embeddable":true,"href":"https:\/\/osnaplan.de\/index.php?rest_route=%2Fwp%2Fv2%2Fcomments&post=1796"}],"version-history":[{"count":28,"href":"https:\/\/osnaplan.de\/index.php?rest_route=\/wp\/v2\/pages\/1796\/revisions"}],"predecessor-version":[{"id":2339,"href":"https:\/\/osnaplan.de\/index.php?rest_route=\/wp\/v2\/pages\/1796\/revisions\/2339"}],"wp:attachment":[{"href":"https:\/\/osnaplan.de\/index.php?rest_route=%2Fwp%2Fv2%2Fmedia&parent=1796"}],"curies":[{"name":"wp","href":"https:\/\/api.w.org\/{rel}","templated":true}]}}