{"id":262,"date":"2024-05-05T18:56:51","date_gmt":"2024-05-05T18:56:51","guid":{"rendered":"https:\/\/osnaplan.de\/?page_id=262"},"modified":"2024-06-25T13:56:49","modified_gmt":"2024-06-25T13:56:49","slug":"ueber-uns","status":"publish","type":"page","link":"https:\/\/osnaplan.de\/?page_id=262","title":{"rendered":"\u00dcber uns"},"content":{"rendered":"\t\t<div data-elementor-type=\"wp-page\" data-elementor-id=\"262\" class=\"elementor elementor-262\" data-elementor-post-type=\"page\">\n\t\t\t\t<div class=\"elementor-element elementor-element-f4d62ab e-flex e-con-boxed e-con e-parent\" data-id=\"f4d62ab\" data-element_type=\"container\" data-settings=\"{&quot;background_background&quot;:&quot;classic&quot;}\">\n\t\t\t\t\t<div class=\"e-con-inner\">\n\t\t\t\t<div class=\"elementor-element elementor-element-43bac29 elementor-widget elementor-widget-spacer\" data-id=\"43bac29\" data-element_type=\"widget\" data-widget_type=\"spacer.default\">\n\t\t\t\t<div class=\"elementor-widget-container\">\n\t\t\t<style>\/*! elementor - v3.21.0 - 30-04-2024 *\/\n.elementor-column .elementor-spacer-inner{height:var(--spacer-size)}.e-con{--container-widget-width:100%}.e-con-inner>.elementor-widget-spacer,.e-con>.elementor-widget-spacer{width:var(--container-widget-width,var(--spacer-size));--align-self:var(--container-widget-align-self,initial);--flex-shrink:0}.e-con-inner>.elementor-widget-spacer>.elementor-widget-container,.e-con>.elementor-widget-spacer>.elementor-widget-container{height:100%;width:100%}.e-con-inner>.elementor-widget-spacer>.elementor-widget-container>.elementor-spacer,.e-con>.elementor-widget-spacer>.elementor-widget-container>.elementor-spacer{height:100%}.e-con-inner>.elementor-widget-spacer>.elementor-widget-container>.elementor-spacer>.elementor-spacer-inner,.e-con>.elementor-widget-spacer>.elementor-widget-container>.elementor-spacer>.elementor-spacer-inner{height:var(--container-widget-height,var(--spacer-size))}.e-con-inner>.elementor-widget-spacer.elementor-widget-empty,.e-con>.elementor-widget-spacer.elementor-widget-empty{position:relative;min-height:22px;min-width:22px}.e-con-inner>.elementor-widget-spacer.elementor-widget-empty .elementor-widget-empty-icon,.e-con>.elementor-widget-spacer.elementor-widget-empty .elementor-widget-empty-icon{position:absolute;top:0;bottom:0;left:0;right:0;margin:auto;padding:0;width:22px;height:22px}<\/style>\t\t<div class=\"elementor-spacer\">\n\t\t\t<div class=\"elementor-spacer-inner\"><\/div>\n\t\t<\/div>\n\t\t\t\t<\/div>\n\t\t\t\t<\/div>\n\t\t\t\t<div class=\"elementor-element elementor-element-f8df06c elementor-widget elementor-widget-heading\" data-id=\"f8df06c\" data-element_type=\"widget\" data-widget_type=\"heading.default\">\n\t\t\t\t<div class=\"elementor-widget-container\">\n\t\t\t<style>\/*! elementor - v3.21.0 - 30-04-2024 *\/\n.elementor-heading-title{padding:0;margin:0;line-height:1}.elementor-widget-heading .elementor-heading-title[class*=elementor-size-]>a{color:inherit;font-size:inherit;line-height:inherit}.elementor-widget-heading .elementor-heading-title.elementor-size-small{font-size:15px}.elementor-widget-heading .elementor-heading-title.elementor-size-medium{font-size:19px}.elementor-widget-heading .elementor-heading-title.elementor-size-large{font-size:29px}.elementor-widget-heading .elementor-heading-title.elementor-size-xl{font-size:39px}.elementor-widget-heading .elementor-heading-title.elementor-size-xxl{font-size:59px}<\/style><h1 class=\"elementor-heading-title elementor-size-default\">Warum OsnaPlan?<\/h1>\t\t<\/div>\n\t\t\t\t<\/div>\n\t\t\t\t<div class=\"elementor-element elementor-element-68e742c elementor-widget__width-initial elementor-widget elementor-widget-text-editor\" data-id=\"68e742c\" data-element_type=\"widget\" data-widget_type=\"text-editor.default\">\n\t\t\t\t<div class=\"elementor-widget-container\">\n\t\t\t<style>\/*! elementor - v3.21.0 - 30-04-2024 *\/\n.elementor-widget-text-editor.elementor-drop-cap-view-stacked .elementor-drop-cap{background-color:#69727d;color:#fff}.elementor-widget-text-editor.elementor-drop-cap-view-framed .elementor-drop-cap{color:#69727d;border:3px solid;background-color:transparent}.elementor-widget-text-editor:not(.elementor-drop-cap-view-default) .elementor-drop-cap{margin-top:8px}.elementor-widget-text-editor:not(.elementor-drop-cap-view-default) .elementor-drop-cap-letter{width:1em;height:1em}.elementor-widget-text-editor .elementor-drop-cap{float:left;text-align:center;line-height:1;font-size:50px}.elementor-widget-text-editor .elementor-drop-cap-letter{display:inline-block}<\/style>\t\t\t\t<p>Der OsnaPlan-Verlag, gegr\u00fcndet im Mai 1995 von unserem heutigen Inhaber Michael Gilsau, ist ein moderner Verlag, der seine Wurzeln in der Osnabr\u00fccker Region hat. Unser Name\u00a0<strong>\u201eOsnaPlan\u201c<\/strong>\u00a0reflektiert unsere vielf\u00e4ltige Ausrichtung.\u00a0<strong>\u201eOsna\u201c<\/strong>\u00a0steht hierbei f\u00fcr die lokale Verbundenheit und unsere tiefe Verwurzelung in Stadt und Landkreis Osnabr\u00fcck.\u00a0<strong>\u201ePlan\u201c<\/strong>\u00a0hingegen symbolisiert unsere breit gef\u00e4cherte Produktpalette, die von Stadtpl\u00e4nen, \u00fcber Veranstaltungskalender bis hin zu Brosch\u00fcren oder ganz neu auch zu aktuellen Buchprojekten reicht.<\/p><p>Urspr\u00fcnglich entstanden mit dem Ziel, qualitativ hochwertige Zielgruppenpublikationen in den Bereichen Geschichte, Kultur, Handel, Handwerk und Wirtschaft zu ver\u00f6ffentlichen, hat sich unser Verlag im Laufe der Zeit weiterentwickelt. Heute bieten wir professionelle Anfahrtsskizzen, eine breite Palette an Gesch\u00e4ftsdrucksachen in verschiedensten Ausf\u00fchrungen, individuelle Imagebrosch\u00fcren und eine vielf\u00e4ltige Auswahl an aktuellen Buchver\u00f6ffentlichungen an.<\/p><p>Unser engagiertes Team im OsnaPlan-Verlag steht Ihnen jederzeit gerne zur Verf\u00fcgung. Wir legen gro\u00dfen Wert auf Kundenzufriedenheit und unsere Produkte zeichnen sich durch h\u00f6chste Qualit\u00e4t aus. Durch unsere lokale Pr\u00e4senz sind wir flexibel und in der Lage, rasch auf die individuellen Bed\u00fcrfnisse und Anforderungen unserer Kunden einzugehen.<\/p><p class=\"has-text-align-left\">Kontaktieren Sie uns gerne \u2013 wir freuen uns auf eine erfolgreiche Zusammenarbeit!<\/p>\t\t\t\t\t\t<\/div>\n\t\t\t\t<\/div>\n\t\t\t\t\t<\/div>\n\t\t\t\t<\/div>\n\t\t\t\t<\/div>\n\t\t","protected":false},"excerpt":{"rendered":"<p>Warum OsnaPlan? Der OsnaPlan-Verlag, gegr\u00fcndet im Mai 1995 von unserem heutigen Inhaber Michael Gilsau, ist ein moderner Verlag, der seine Wurzeln in der Osnabr\u00fccker Region hat. Unser Name\u00a0\u201eOsnaPlan\u201c\u00a0reflektiert unsere vielf\u00e4ltige [&hellip;]<\/p>\n","protected":false},"author":1,"featured_media":0,"parent":0,"menu_order":0,"comment_status":"closed","ping_status":"closed","template":"","meta":{"footnotes":""},"_links":{"self":[{"href":"https:\/\/osnaplan.de\/index.php?rest_route=\/wp\/v2\/pages\/262"}],"collection":[{"href":"https:\/\/osnaplan.de\/index.php?rest_route=\/wp\/v2\/pages"}],"about":[{"href":"https:\/\/osnaplan.de\/index.php?rest_route=\/wp\/v2\/types\/page"}],"author":[{"embeddable":true,"href":"https:\/\/osnaplan.de\/index.php?rest_route=\/wp\/v2\/users\/1"}],"replies":[{"embeddable":true,"href":"https:\/\/osnaplan.de\/index.php?rest_route=%2Fwp%2Fv2%2Fcomments&post=262"}],"version-history":[{"count":22,"href":"https:\/\/osnaplan.de\/index.php?rest_route=\/wp\/v2\/pages\/262\/revisions"}],"predecessor-version":[{"id":1908,"href":"https:\/\/osnaplan.de\/index.php?rest_route=\/wp\/v2\/pages\/262\/revisions\/1908"}],"wp:attachment":[{"href":"https:\/\/osnaplan.de\/index.php?rest_route=%2Fwp%2Fv2%2Fmedia&parent=262"}],"curies":[{"name":"wp","href":"https:\/\/api.w.org\/{rel}","templated":true}]}}

Über uns

<div data-elementor-type="wp-page" data-elementor-id="262" class="elementor elementor-262" data-elementor-post-type="page">
				<div class="elementor-element elementor-element-f4d62ab e-flex e-con-boxed e-con e-parent" data-id="f4d62ab" data-element_type="container" data-settings="{&quot;background_background&quot;:&quot;classic&quot;}">
					<div class="e-con-inner">
				<div class="elementor-element elementor-element-43bac29 elementor-widget elementor-widget-spacer" data-id="43bac29" data-element_type="widget" data-widget_type="spacer.default">
				<div class="elementor-widget-container">
			<style>/*! elementor - v3.21.0 - 30-04-2024 */
.elementor-column .elementor-spacer-inner{height:var(--spacer-size)}.e-con{--container-widget-width:100%}.e-con-inner>.elementor-widget-spacer,.e-con>.elementor-widget-spacer{width:var(--container-widget-width,var(--spacer-size));--align-self:var(--container-widget-align-self,initial);--flex-shrink:0}.e-con-inner>.elementor-widget-spacer>.elementor-widget-container,.e-con>.elementor-widget-spacer>.elementor-widget-container{height:100%;width:100%}.e-con-inner>.elementor-widget-spacer>.elementor-widget-container>.elementor-spacer,.e-con>.elementor-widget-spacer>.elementor-widget-container>.elementor-spacer{height:100%}.e-con-inner>.elementor-widget-spacer>.elementor-widget-container>.elementor-spacer>.elementor-spacer-inner,.e-con>.elementor-widget-spacer>.elementor-widget-container>.elementor-spacer>.elementor-spacer-inner{height:var(--container-widget-height,var(--spacer-size))}.e-con-inner>.elementor-widget-spacer.elementor-widget-empty,.e-con>.elementor-widget-spacer.elementor-widget-empty{position:relative;min-height:22px;min-width:22px}.e-con-inner>.elementor-widget-spacer.elementor-widget-empty .elementor-widget-empty-icon,.e-con>.elementor-widget-spacer.elementor-widget-empty .elementor-widget-empty-icon{position:absolute;top:0;bottom:0;left:0;right:0;margin:auto;padding:0;width:22px;height:22px}</style>		<div class="elementor-spacer">
			<div class="elementor-spacer-inner"></div>
		</div>
				</div>
				</div>
				<div class="elementor-element elementor-element-f8df06c elementor-widget elementor-widget-heading" data-id="f8df06c" data-element_type="widget" data-widget_type="heading.default">
				<div class="elementor-widget-container">
			<style>/*! elementor - v3.21.0 - 30-04-2024 */
.elementor-heading-title{padding:0;margin:0;line-height:1}.elementor-widget-heading .elementor-heading-title[class*=elementor-size-]>a{color:inherit;font-size:inherit;line-height:inherit}.elementor-widget-heading .elementor-heading-title.elementor-size-small{font-size:15px}.elementor-widget-heading .elementor-heading-title.elementor-size-medium{font-size:19px}.elementor-widget-heading .elementor-heading-title.elementor-size-large{font-size:29px}.elementor-widget-heading .elementor-heading-title.elementor-size-xl{font-size:39px}.elementor-widget-heading .elementor-heading-title.elementor-size-xxl{font-size:59px}</style><h1 class="elementor-heading-title elementor-size-default">Warum OsnaPlan?</h1>		</div>
				</div>
				<div class="elementor-element elementor-element-68e742c elementor-widget__width-initial elementor-widget elementor-widget-text-editor" data-id="68e742c" data-element_type="widget" data-widget_type="text-editor.default">
				<div class="elementor-widget-container">
			<style>/*! elementor - v3.21.0 - 30-04-2024 */
.elementor-widget-text-editor.elementor-drop-cap-view-stacked .elementor-drop-cap{background-color:#69727d;color:#fff}.elementor-widget-text-editor.elementor-drop-cap-view-framed .elementor-drop-cap{color:#69727d;border:3px solid;background-color:transparent}.elementor-widget-text-editor:not(.elementor-drop-cap-view-default) .elementor-drop-cap{margin-top:8px}.elementor-widget-text-editor:not(.elementor-drop-cap-view-default) .elementor-drop-cap-letter{width:1em;height:1em}.elementor-widget-text-editor .elementor-drop-cap{float:left;text-align:center;line-height:1;font-size:50px}.elementor-widget-text-editor .elementor-drop-cap-letter{display:inline-block}</style>				<p>Der OsnaPlan-Verlag, gegründet im Mai 1995 von unserem heutigen Inhaber Michael Gilsau, ist ein moderner Verlag, der seine Wurzeln in der Osnabrücker Region hat. Unser Name <strong>„OsnaPlan“</strong> reflektiert unsere vielfältige Ausrichtung. <strong>„Osna“</strong> steht hierbei für die lokale Verbundenheit und unsere tiefe Verwurzelung in Stadt und Landkreis Osnabrück. <strong>„Plan“</strong> hingegen symbolisiert unsere breit gefächerte Produktpalette, die von Stadtplänen, über Veranstaltungskalender bis hin zu Broschüren oder ganz neu auch zu aktuellen Buchprojekten reicht.</p><p>Ursprünglich entstanden mit dem Ziel, qualitativ hochwertige Zielgruppenpublikationen in den Bereichen Geschichte, Kultur, Handel, Handwerk und Wirtschaft zu veröffentlichen, hat sich unser Verlag im Laufe der Zeit weiterentwickelt. Heute bieten wir professionelle Anfahrtsskizzen, eine breite Palette an Geschäftsdrucksachen in verschiedensten Ausführungen, individuelle Imagebroschüren und eine vielfältige Auswahl an aktuellen Buchveröffentlichungen an.</p><p>Unser engagiertes Team im OsnaPlan-Verlag steht Ihnen jederzeit gerne zur Verfügung. Wir legen großen Wert auf Kundenzufriedenheit und unsere Produkte zeichnen sich durch höchste Qualität aus. Durch unsere lokale Präsenz sind wir flexibel und in der Lage, rasch auf die individuellen Bedürfnisse und Anforderungen unserer Kunden einzugehen.</p><p class="has-text-align-left">Kontaktieren Sie uns gerne – wir freuen uns auf eine erfolgreiche Zusammenarbeit!</p>						</div>
				</div>
					</div>
				</div>
				</div>

<p>Warum OsnaPlan? Der OsnaPlan-Verlag, gegründet im Mai 1995 von unserem heutigen Inhaber Michael Gilsau, ist ein moderner Verlag, der seine Wurzeln in der Osnabrücker Region hat. Unser Name „OsnaPlan“ reflektiert unsere vielfältige [&hellip;]</p>
